 - 5*w + m = 0, -3*l + 17 = 4*w - 36. What are the prime factors of l?
3, 5
List the prime factors of 28/6*(-72)/(-7).
2, 3
Let k(l) = 2*l + 2. Let d be k(-4). Let i = -2 - d. Suppose 5*y - 4*r = 45, -2*r + 55 = 5*y - i*r. List the prime factors of y.
13
Let v(o) = -4*o - 8. Let n be v(-7). Let z = n - 5. List the prime factors of z.
3, 5
Suppose 0 = i - 5*i. Suppose l = -i*l + 5. List the prime factors of l.
5
Let p = 0 - -87. What are the prime factors of p?
3, 29
Let b be 238/6 - 2/(-6). Suppose -b = -2*s + 4. Suppose -3*n = 2*f - s, 4*n - 5*f + 12 - 3 = 0. What are the prime factors of n?
2
Let j = 188 - 167. What are the prime factors of j?
3, 7
Let h = 3 + -3. Suppose t = -h + 11. What are the prime factors of t?
11
Let a(b) = -4*b - 4. List the prime factors of a(-19).
2, 3
Suppose 0*i - 3*s = -4*i - 29, 0 = 4*i + 5*s + 69. Let g = 28 + i. What are the prime factors of g?
17
Let c(n) = n - 6. Let x be c(5). Let v be ((-2)/(-1) + x)/1. Suppose v = -g + 5. What are the prime factors of g?
2
List the prime factors of 1 - 3 - (-92 + 6).
2, 3, 7
Let k be ((-12)/(-10))/((-6)/(-20)). Suppose -5*g + 60 = -k*o, 58 = g + 2*g + 2*o. What are the prime factors of g?
2
Suppose 2*j + 99 = 5*a, a - 9 = -2*a. Suppose -49 = 3*y + 41. Let w = y - j. What are the prime factors of w?
2, 3
Let k = 130 + -36. Suppose 2*v = -2*u + 34, -2*u - k = -7*u + 4*v. What are the prime factors of u?
2, 3
Let j(o) = -o**2 - 9*o - 2. Let k = 7 + -13. Let u be j(k). Suppose 1 - u = -5*z. What are the prime factors of z?
3
Let m(f) = -32*f + 1. What are the prime factors of m(-1)?
3, 11
Let u(r) = -3*r + 6. What are the prime factors of u(-4)?
2, 3
Suppose 0 = -6*k + k + 15. Suppose -k*j = -4*h + 52, -h - 2*j - 3*j + 36 = 0. What are the prime factors of h?
2
Let j(x) = 37*x**2 - x. What are the prime factors of j(-1)?
2, 19
Suppose 8*r - 25 = -5*l + 3*r, -2*r + 28 = 5*l. Suppose -2*t - 4 = 0, i + l*t - 2*t = -17. List the prime factors of ((-300)/i)/5*3.
2, 5
Let b be 9*2*(-2)/3. Let z(l) = l**2 + 11*l - 36. Let c be z(-12). Let g = b - c. What are the prime factors of g?
2, 3
Suppose -74 = -3*z + z. List the prime factors of z.
37
Suppose -5*p + 20 = -2*a, -p = -3*a - 0*p - 4. Let l(o) = o**3 - o**2 - o - 1. Let d be l(a). Let i = d + 8. What are the prime factors of i?
7
Suppose 0*w - 4*w - 20 = 0. Let z = 7 + w. Suppose -40 = -z*l - 3*l. What are the prime factors of l?
2
Let n(l) = -l + 13. Let u be n(13). Suppose -4*z = 4*x - 56, -3*x + 50 = -0*x + 5*z. Suppose u*d - d = -5*j - 32, -x = 2*j. What are the prime factors of d?
7
Let z(t) = -t**2 - t. Let p(s) = -s**2. Let f(n) = -2*p(n) + z(n). Suppose -b - 4 = -1. What are the prime factors of f(b)?
2, 3
Suppose 11*j + 4*c = 7*j + 76, j = -4*c + 31. What are the prime factors of j?
3, 5
Let i(n) = -n**2 - 7*n + 5. What are the prime factors of i(-7)?
5
Let p(u) be the first derivative of u**4/4 + 8*u**3/3 + 3*u**2 + 7*u + 2. What are the prime factors of p(-7)?
2, 7
Let j = -8 - -12. Suppose 3 + j = f. What are the prime factors of f?
7
Let f(l) = -14*l**2 - l + 1. Let s be f(1). Let y = 2 - s. List the prime factors of y.
2
Let v(m) = 5*m**2 + 16*m + 9. Let d(i) = 2*i**2 + 5*i + 3. Let h(o) = -8*d(o) + 3*v(o). Let g be h(9). What are the prime factors of (2/g)/((-2)/66)?
11
Let n be (12/(-5))/((-16)/360). Suppose -n = -q - q. List the prime factors of q.
3
Suppose -3*a = a - 456. What are the prime factors of a?
2, 3, 19
Let b be -1 + ((-2)/2)/(-1). Suppose b*h = 2*h - 16. What are the prime factors of h?
2
Suppose 2*v - 65 = -2*v + y, -y + 79 = 5*v. What are the prime factors of v?
2
Let b be (-3)/(-6)*7*-2. Let u(k) = k**2 + 5*k + 2. What are the prime factors of u(b)?
2
Let r be 38/4 + (-2)/(-4). Suppose r = 5*v - 25. What are the prime factors of v?
7
Let i(h) = -h + 1. Let n(r) = 2*r + 4. Let q be n(5). Suppose 3*s + 4*d + q = 0, 4*s = s + d - 19. What are the prime factors of i(s)?
7
What are the prime factors of ((-50)/4)/((-2)/4)?
5
Suppose 0 = -2*i + 2. Suppose i + 3 = h. Suppose -5*u + 40 = h*l - u, -2*l + u + 5 = 0. What are the prime factors of l?
5
Let j(i) = -3*i + 0*i - 3 - 3. Suppose 4*v + 30 = -v. List the prime factors of j(v).
2, 3
Suppose 4*r = 5*t + 1233, 0*r + 300 = r - 4*t. List the prime factors of r.
2, 3, 13
Suppose 0 = 2*m - b + 2 + 3, -2*b + 4 = 2*m. Let x be ((-3)/6)/m*0. Let i = 2 + x. List the prime factors of i.
2
Let p = -8 - -25. Suppose 0 = -n - 8*o + 3*o - p, o + 16 = 4*n. List the prime factors of n.
3
Let g(x) = x**3 + 5*x**2 + 4*x + 2. Let c be g(-4). Let m = c + -1. Suppose -7 = -f + m. List the prime factors of f.
2
Let x(j) = j. Let t be x(5). Suppose -4*h - 11 = -4*a - 95, -31 = -3*h - t*a. List the prime factors of h.
17
Let b be (-1)/(2/((-18)/1)). Let s(x) = x**3 - 6*x**2 - 6*x - 6. Let a be s(7). Let n = a + b. What are the prime factors of n?
2, 5
Suppose 0*m - d = 3*m - 398, 5*m - 5*d = 630. What are the prime factors of m?
131
List the prime factors of 83/5 - (-6)/15.
17
List the prime factors of -6*(-28)/((-12)/(-3)).
2, 3, 7
Suppose 0 = 6*w - w + x - 301, w + 3*x - 49 = 0. List the prime factors of w.
61
Suppose p - 4*p - 3*o + 207 = 0, -206 = -3*p - 4*o. What are the prime factors of p?
2, 5, 7
Let x(h) = h + 7. Let z be x(-5). Suppose 10 = 5*n + 4*v, z*n - n + 2*v = -4. List the prime factors of n.
2, 3
Let q(u) = u**3 - u**2 - u + 2. Let d be ((-2)/(-4))/((-2)/(-12)). List the prime factors of q(d).
17
Suppose -2*i + 263 = 5*z, -3*i - 3*z + 547 = i. List the prime factors of i.
139
Let o(b) = b**2 + 2. Let s(l) = l**2 - 7*l + 3. Let d be s(6). List the prime factors of o(d).
11
Suppose j + 0*t + 5*t = 39, 2*j = 3*t + 52. What are the prime factors of j?
29
Suppose -5*b - 5*g + 99 = -16, -44 = -3*b + 2*g. Suppose -b = -i + 11. List the prime factors of i.
29
Suppose -4*n + 5*n - 9 = -5*f, -1 = -f - n. Let c be 1*1/((-2)/f). Let z(w) = -3*w**3 + 1. What are the prime factors of z(c)?
2
Let k(t) = t**2 + 5*t - 19. What are the prime factors of k(-9)?
17
Let b be 23/(-7) - 2/(-7). Let c be (-4)/(-6)*(0 - b). Suppose c*r - 3*r + 3 = 0. List the prime factors of r.
3
Suppose -6*x + 138 = -3*x. What are the prime factors of x?
2, 23
What are the prime factors of -1 - 3 - (-61 + 0)?
3, 19
Let i be (-400)/16*(-4)/(-2). Let n = i - -81. What are the prime factors of n?
31
Let n(s) = -s + 5. Let i be n(4). Let y = i + 1. List the prime factors of 8*y*6/8.
2, 3
Suppose 5*i = 2*i + 18. What are the prime factors of i?
2, 3
Let m be ((-108)/(-3))/(-2) - -3. Let n = m + 21. What are the prime factors of n?
2, 3
Suppose -9*m + 218 = -7*m. List the prime factors of m.
109
Let d be 1 + 3 + -6 + 3. Let x = 10 - d. What are the prime factors of x?
3
Let r(y) = -8*y**3 - 2*y**2 + 2*y + 2. What are the prime factors of r(-3)?
2, 97
Suppose 0 = -3*z - 9, -5*a = 5*z - 2*z - 626. List the prime factors of a.
127
Suppose 1 = -r + 15. Suppose -r + 50 = 4*v. List the prime factors of v.
3
Suppose 8 + 10 = -2*u. Let j be (-4)/(-6) + (-30)/u. Suppose -2 - 10 = -j*l. What are the prime factors of l?
3
Suppose -6*u + 42 = 12. Suppose -2*v + 5*v - 6 = 0. Suppose b - y = 7, 4*b - v*b = u*y + 26. What are the prime factors of b?
3
Let p be 244/7 - (-1)/7. Suppose 4*t + t = p. List the prime factors of t.
7
Let u be 4 + (0 + -1)/1. Suppose 4*x - 9 = -1, 2*x = -u*k + 40. List the prime factors of k.
2, 3
Let a = 10 - -16. List the prime factors of a.
2, 13
Let p(k) = 158*k + 4. List the prime factors of p(1).
2, 3
Let t(p) = 5*p**3 + 5*p**2 + 8*p - 7. Let c(v) = 9*v**3 + 10*v**2 + 15*v - 13. Let q(b) = 6*c(b) - 11*t(b). What are the prime factors of q(4)?
23
Suppose 8 = -y - 2. Let o = y + 15. Suppose -4*i - 16 = -o*i + 4*r, 5*i - 3*r = 63. List the prime factors of i.
2, 3
Suppose -2*z - 2*z + 132 = 0. List the prime factors of z.
3, 11
Let c(t) = -17*t**3 - t**2. Let p be c(-1). Suppose -6 = 2*s - p. What are the prime factors of s?
5
Let u = 9 - 20. Let z = 9 - u. What are the prime factors of z?
2, 5
Let d(p) = p**2 - 5*p. Let z be d(5). Let c(m) = m**3 - m**2 + m + 20. Let q be c(z). Suppose o = -o + q. What are the prime factors of o?
2, 5
Suppose -a - 2*w = -53, 0*w = -2*a + 3*w + 99. Let h = -71 + a. Let b = 38 + h. List the prime factors of b.
2, 3
Let f be 5*-1*(-2)/2. Let o = f - -1. 